[INFO] fetching crate theban_db_server 0.3.6...
[INFO] building theban_db_server-0.3.6 against master#881c1ac408d93bb7adaa3a51dabab9266e82eee8 for issue-85264
[INFO] extracting crate theban_db_server 0.3.6 into /workspace/builds/worker-15/source
[INFO] validating manifest of crates.io crate theban_db_server 0.3.6 on toolchain 881c1ac408d93bb7adaa3a51dabab9266e82eee8
[INFO] running `Command { std: "/workspace/cargo-home/bin/cargo" "+881c1ac408d93bb7adaa3a51dabab9266e82eee8" "metadata" "--manifest-path" "Cargo.toml" "--no-deps", kill_on_drop: false }`
[INFO] started tweaking crates.io crate theban_db_server 0.3.6
[INFO] finished tweaking crates.io crate theban_db_server 0.3.6
[INFO] tweaked toml for crates.io crate theban_db_server 0.3.6 written to /workspace/builds/worker-15/source/Cargo.toml
[INFO] running `Command { std: "/workspace/cargo-home/bin/cargo" "+881c1ac408d93bb7adaa3a51dabab9266e82eee8" "generate-lockfile" "--manifest-path" "Cargo.toml" "-Zno-index-update", kill_on_drop: false }`
[INFO] running `Command { std: "/workspace/cargo-home/bin/cargo" "+881c1ac408d93bb7adaa3a51dabab9266e82eee8" "fetch" "--manifest-path" "Cargo.toml", kill_on_drop: false }`
[INFO] running `Command { std: "docker" "create" "-v" "/var/lib/crater-agent-workspace/builds/worker-15/target:/opt/rustwide/target:rw,Z" "-v" "/var/lib/crater-agent-workspace/builds/worker-15/source:/opt/rustwide/workdir:ro,Z" "-v" "/var/lib/crater-agent-workspace/cargo-home:/opt/rustwide/cargo-home:ro,Z" "-v" "/var/lib/crater-agent-workspace/rustup-home:/opt/rustwide/rustup-home:ro,Z" "-e" "SOURCE_DIR=/opt/rustwide/workdir" "-e" "CARGO_TARGET_DIR=/opt/rustwide/target" "-e" "CARGO_HOME=/opt/rustwide/cargo-home" "-e" "RUSTUP_HOME=/opt/rustwide/rustup-home" "-w" "/opt/rustwide/workdir" "-m" "1610612736" "--user" "0:0" "--network" "none" "ghcr.io/rust-lang/crates-build-env/linux@sha256:20528e8c29e4536546f0102ce88568b16ea7538393a33fcca951030f7af10457" "/opt/rustwide/cargo-home/bin/cargo" "+881c1ac408d93bb7adaa3a51dabab9266e82eee8" "metadata" "--no-deps" "--format-version=1", kill_on_drop: false }`
[INFO] [stdout] 7f2ce372bb9f9205ad40d7dac769fd3573ba247af46b840cc35c7b9a202931c9
[INFO] [stderr] WARNING: Your kernel does not support swap limit capabilities or the cgroup is not mounted. Memory limited without swap.
[INFO] running `Command { std: "docker" "start" "-a" "7f2ce372bb9f9205ad40d7dac769fd3573ba247af46b840cc35c7b9a202931c9", kill_on_drop: false }`
[INFO] running `Command { std: "docker" "inspect" "7f2ce372bb9f9205ad40d7dac769fd3573ba247af46b840cc35c7b9a202931c9", kill_on_drop: false }`
[INFO] running `Command { std: "docker" "rm" "-f" "7f2ce372bb9f9205ad40d7dac769fd3573ba247af46b840cc35c7b9a202931c9", kill_on_drop: false }`
[INFO] [stdout] 7f2ce372bb9f9205ad40d7dac769fd3573ba247af46b840cc35c7b9a202931c9
[INFO] running `Command { std: "docker" "create" "-v" "/var/lib/crater-agent-workspace/builds/worker-15/target:/opt/rustwide/target:rw,Z" "-v" "/var/lib/crater-agent-workspace/builds/worker-15/source:/opt/rustwide/workdir:ro,Z" "-v" "/var/lib/crater-agent-workspace/cargo-home:/opt/rustwide/cargo-home:ro,Z" "-v" "/var/lib/crater-agent-workspace/rustup-home:/opt/rustwide/rustup-home:ro,Z" "-e" "SOURCE_DIR=/opt/rustwide/workdir" "-e" "CARGO_TARGET_DIR=/opt/rustwide/target" "-e" "CARGO_INCREMENTAL=0" "-e" "RUST_BACKTRACE=full" "-e" "RUSTFLAGS=--cap-lints=forbid" "-e" "CARGO_HOME=/opt/rustwide/cargo-home" "-e" "RUSTUP_HOME=/opt/rustwide/rustup-home" "-w" "/opt/rustwide/workdir" "-m" "1610612736" "--user" "0:0" "--network" "none" "ghcr.io/rust-lang/crates-build-env/linux@sha256:20528e8c29e4536546f0102ce88568b16ea7538393a33fcca951030f7af10457" "/opt/rustwide/cargo-home/bin/cargo" "+881c1ac408d93bb7adaa3a51dabab9266e82eee8" "build" "--frozen" "--message-format=json", kill_on_drop: false }`
[INFO] [stdout] b5f07c736cf579b60c508f775aabdd2d0c9fd4a257e543a613aba741eb9f9ecc
[INFO] [stderr] WARNING: Your kernel does not support swap limit capabilities or the cgroup is not mounted. Memory limited without swap.
[INFO] running `Command { std: "docker" "start" "-a" "b5f07c736cf579b60c508f775aabdd2d0c9fd4a257e543a613aba741eb9f9ecc", kill_on_drop: false }`
[INFO] [stderr]    Compiling byteorder v0.4.2
[INFO] [stderr]    Compiling quick-error v1.2.3
[INFO] [stderr]    Compiling cfg-if v0.1.10
[INFO] [stderr]    Compiling argparse v0.2.2
[INFO] [stderr]    Compiling memrange v0.1.3
[INFO] [stderr]    Compiling rmp v0.8.10
[INFO] [stderr]    Compiling unix_socket v0.5.0
[INFO] [stderr]    Compiling theban_interval_tree v0.7.1
[INFO] [stderr]    Compiling rmp v0.7.5
[INFO] [stderr]    Compiling rmp-serialize v0.7.0
[INFO] [stdout] error[E0432]: unresolved imports `rmp::decode::ReadError`, `rmp::decode::FixedValueReadError`, `rmp::decode::read_u8_fit`, `rmp::decode::read_u16_fit`, `rmp::decode::read_u32_fit`, `rmp::decode::read_u64_fit`, `rmp::decode::read_i8_fit`, `rmp::decode::read_i16_fit`, `rmp::decode::read_i32_fit`, `rmp::decode::read_i64_fit`, `rmp::decode::read_str_data`, `rmp::decode::read_array_size`, `rmp::decode::read_map_size`
[INFO] [stdout]   --> /opt/rustwide/cargo-home/registry/src/github.com-1ecc6299db9ec823/rmp-serialize-0.7.0/src/decode.rs:10:5
[INFO] [stdout]    |
[INFO] [stdout] 10 |     ReadError,
[INFO] [stdout]    |     ^^^^^^^^^ no `ReadError` in `decode`
[INFO] [stdout] 11 |     FixedValueReadError,
[INFO] [stdout]    |     ^^^^^^^^^^^^^^^^^^^ no `FixedValueReadError` in `decode`
[INFO] [stdout] ...
[INFO] [stdout] 16 |     read_u8_fit,
[INFO] [stdout]    |     ^^^^^^^^^^^ no `read_u8_fit` in `decode`
[INFO] [stdout] 17 |     read_u16_fit,
[INFO] [stdout]    |     ^^^^^^^^^^^^ no `read_u16_fit` in `decode`
[INFO] [stdout] 18 |     read_u32_fit,
[INFO] [stdout]    |     ^^^^^^^^^^^^ no `read_u32_fit` in `decode`
[INFO] [stdout] 19 |     read_u64_fit,
[INFO] [stdout]    |     ^^^^^^^^^^^^ no `read_u64_fit` in `decode`
[INFO] [stdout] 20 |     read_i8_fit,
[INFO] [stdout]    |     ^^^^^^^^^^^ no `read_i8_fit` in `decode`
[INFO] [stdout] 21 |     read_i16_fit,
[INFO] [stdout]    |     ^^^^^^^^^^^^ no `read_i16_fit` in `decode`
[INFO] [stdout] 22 |     read_i32_fit,
[INFO] [stdout]    |     ^^^^^^^^^^^^ no `read_i32_fit` in `decode`
[INFO] [stdout] 23 |     read_i64_fit,
[INFO] [stdout]    |     ^^^^^^^^^^^^ no `read_i64_fit` in `decode`
[INFO] [stdout] ...
[INFO] [stdout] 27 |     read_str_data,
[INFO] [stdout]    |     ^^^^^^^^^^^^^
[INFO] [stdout] 28 |     read_array_size,
[INFO] [stdout]    |     ^^^^^^^^^^^^^^^
[INFO] [stdout] 29 |     read_map_size,
[INFO] [stdout]    |     ^^^^^^^^^^^^^
[INFO] [stdout]    |
[INFO] [stdout] help: a similar name exists in the module
[INFO] [stdout]    |
[INFO] [stdout] 11 |     ValueReadError,
[INFO] [stdout]    |     ^^^^^^^^^^^^^^
[INFO] [stdout] help: a similar name exists in the module
[INFO] [stdout]    |
[INFO] [stdout] 17 |     read_u16,
[INFO] [stdout]    |     ^^^^^^^^
[INFO] [stdout] help: a similar name exists in the module
[INFO] [stdout]    |
[INFO] [stdout] 18 |     read_u32,
[INFO] [stdout]    |     ^^^^^^^^
[INFO] [stdout] help: a similar name exists in the module
[INFO] [stdout]    |
[INFO] [stdout] 19 |     read_u64,
[INFO] [stdout]    |     ^^^^^^^^
[INFO] [stdout] help: a similar name exists in the module
[INFO] [stdout]    |
[INFO] [stdout] 21 |     read_i16,
[INFO] [stdout]    |     ^^^^^^^^
[INFO] [stdout] help: a similar name exists in the module
[INFO] [stdout]    |
[INFO] [stdout] 22 |     read_i32,
[INFO] [stdout]    |     ^^^^^^^^
[INFO] [stdout] help: a similar name exists in the module
[INFO] [stdout]    |
[INFO] [stdout] 23 |     read_i64,
[INFO] [stdout]    |     ^^^^^^^^
[INFO] [stdout] 
[INFO] [stdout] 
[INFO] [stdout] error[E0432]: unresolved import `rmp::encode::write_sint_eff`
[INFO] [stdout]   --> /opt/rustwide/cargo-home/registry/src/github.com-1ecc6299db9ec823/rmp-serialize-0.7.0/src/encode.rs:13:5
[INFO] [stdout]    |
[INFO] [stdout] 13 |     write_sint_eff,
[INFO] [stdout]    |     ^^^^^^^^^^^^^^
[INFO] [stdout]    |     |
[INFO] [stdout]    |     no `write_sint_eff` in `encode`
[INFO] [stdout]    |     help: a similar name exists in the module: `write_sint`
[INFO] [stdout] 
[INFO] [stdout] 
[INFO] [stdout] error[E0432]: unresolved imports `rmp::encode::FixedValueWriteError`, `rmp::encode::WriteError`
[INFO] [stdout]   --> /opt/rustwide/cargo-home/registry/src/github.com-1ecc6299db9ec823/rmp-serialize-0.7.0/src/encode.rs:19:5
[INFO] [stdout]    |
[INFO] [stdout] 19 |     FixedValueWriteError,
[INFO] [stdout]    |     ^^^^^^^^^^^^^^^^^^^^
[INFO] [stdout]    |     |
[INFO] [stdout]    |     no `FixedValueWriteError` in `encode`
[INFO] [stdout]    |     help: a similar name exists in the module: `ValueWriteError`
[INFO] [stdout] 20 |     ValueWriteError,
[INFO] [stdout] 21 |     WriteError,
[INFO] [stdout]    |     ^^^^^^^^^^ no `WriteError` in `encode`
[INFO] [stdout] 
[INFO] [stdout] 
[INFO] [stdout] error[E0599]: no variant or associated item named `InvalidDataCopy` found for enum `DecodeStringError<'_>` in the current scope
[INFO] [stdout]   --> /opt/rustwide/cargo-home/registry/src/github.com-1ecc6299db9ec823/rmp-serialize-0.7.0/src/decode.rs:93:32
[INFO] [stdout]    |
[INFO] [stdout] 93 |             DecodeStringError::InvalidDataCopy(..) => Error::Uncategorized("InvalidDataCopy".to_string()),
[INFO] [stdout]    |                                ^^^^^^^^^^^^^^^
[INFO] [stdout]    |                                |
[INFO] [stdout]    |                                variant or associated item not found in `DecodeStringError<'_>`
[INFO] [stdout]    |                                help: there is a variant with a similar name: `InvalidDataRead`
[INFO] [stdout] 
[INFO] [stdout] 
[INFO] [stdout] error: aborting due to 4 previous errors
[INFO] [stdout] 
[INFO] [stdout] 
[INFO] [stdout] Some errors have detailed explanations: E0432, E0599.
[INFO] [stdout] 
[INFO] [stdout] For more information about an error, try `rustc --explain E0432`.
[INFO] [stdout] 
[INFO] [stderr] error: could not compile `rmp-serialize`
[INFO] [stderr] 
[INFO] [stderr] To learn more, run the command again with --verbose.
[INFO] [stderr] warning: build failed, waiting for other jobs to finish...
[INFO] [stderr] error: build failed
[INFO] running `Command { std: "docker" "inspect" "b5f07c736cf579b60c508f775aabdd2d0c9fd4a257e543a613aba741eb9f9ecc", kill_on_drop: false }`
[INFO] running `Command { std: "docker" "rm" "-f" "b5f07c736cf579b60c508f775aabdd2d0c9fd4a257e543a613aba741eb9f9ecc", kill_on_drop: false }`
[INFO] [stdout] b5f07c736cf579b60c508f775aabdd2d0c9fd4a257e543a613aba741eb9f9ecc
